. Calculate f(72).
9
Let d(g) = g**2 - 31*g - 419. Determine d(41).
-9
Let a(v) = v**3 + 5*v**2 - 37*v + 73. Calculate a(-10).
-57
Let j(d) = -525*d + 3642. Calculate j(7).
-33
Let i(b) = -b**3 + 3*b**2 + 9*b + 161. What is i(0)?
161
Let o(x) = 1113*x**2 - 5558*x - 39. Give o(5).
-4
Let t(g) = 273*g + 1370. Calculate t(-5).
5
Let l(q) = 5*q**3 + 10*q**2 + 8*q + 17. Determine l(-4).
-175
Let z(t) = -76*t - 986. Give z(-14).
78
Let p(o) = o**3 + 46*o**2 + 299*o - 192. What is p(-38)?
-2
Let a(v) = 15*v - 711. Give a(43).
-66
Let w(d) = d**3 + 4*d**2 + 27*d - 221. Determine w(4).
15
Let l(t) = -55*t**3 - 273*t**2 + 18*t + 44. Calculate l(-5).
4
Let m(h) = -321*h - 6096. What is m(-19)?
3
Let c(w) = -w - 149. Calculate c(-75).
-74
Let k(u) = 76*u + 10745. Calculate k(-142).
-47
Let n(z) = -3*z**2 + 362*z + 3093. What is n(-8)?
5
Let f(j) = 35*j**2 + 242*j - 281. Determine f(1).
-4
Let v(o) = -2*o**2 - 117*o + 288. Determine v(-61).
-17
Let b(u) = -u**2 + 347*u - 15592. Calculate b(53).
-10
Let n(k) = 116*k + 1345. What is n(-11)?
69
Let m(n) = 3*n**2 + 31*n - 763. What is m(10)?
-153
Let u(n) = 2*n**2 + 18*n - 63. Give u(8).
209
Let g(h) = -257*h - 4144. Give g(-16).
-32
Let w(i) = -61*i - 2124. Calculate w(-41).
377
Let y(f) = -f**2 - 44*f + 75. Give y(-48).
-117
Let g(s) = s**3 - s**2 - 14*s + 179. What is g(0)?
179
Let d(q) = 5*q**2 + 47*q - 84. What is d(-10)?
-54
Let k(a) = -a**3 + 20*a**2 - 73*a + 65. What is k(16)?
-79
Let q(v) = -9*v**2 + 68*v + 24. Calculate q(8).
-8
Let u(g) = 4268*g - 21340. Determine u(5).
0
Let h(o) = 2*o**3 - 12*o**2 - 127*o + 756. What is h(6)?
-6
Let y(n) = -1823*n + 1777. Calculate y(1).
-46
Let b(i) = -6*i**3 - 763*i**2 - 129*i - 247. What is b(-127)?
7
Let q(i) = i**3 - 5*i**2 + 28*i - 104. What is q(5)?
36
Let j(o) = o**2 + 12*o - 78. Give j(-19).
55
Let p(a) = -a**3 + 6*a**2 + 45*a - 175. What is p(9)?
-13
Let z(x) = -2*x**2 + 1890*x + 19129. Give z(-10).
29
Let a(i) = i**3 - 9*i**2 - 72*i + 342. Calculate a(5).
-118
Let v(a) = -9*a**2 - 1262*a - 304. Determine v(-140).
-24
Let p(z) = -z**3 + 21*z**2 + 2*z - 60. What is p(21)?
-18
Let o(r) = r**2 - 67*r - 469. What is o(-13)?
571
Let o(k) = -k**2 + 78*k - 87. What is o(78)?
-87
Let d(b) = 21*b**2 - 2. What is d(1)?
19
Let s(d) = d**2 + 69*d + 1020. Give s(-50).
70
Let x(m) = 2*m**3 - 8*m**2 - 3*m - 10. What is x(5)?
25
Let d(b) = -b**2 + 41*b + 137. Calculate d(-3).
5
Let s(g) = g**2 + 2*g - 143. Give s(-14).
25
Let v(c) = 15*c**2 + 153*c - 1. What is v(-12)?
323
Let m(t) = -42*t - 458. Calculate m(-11).
4
Let i(n) = -13*n**2 - 46*n - 364. Determine i(-8).
-828
Let l(c) = -830*c - 24903. Give l(-30).
-3
Let n(p) = p**3 - 10*p**2 + 5*p + 20. Give n(9).
-16
Let m(n) = -n**3 - 5*n**2 + n - 43. Give m(-7).
48
Let c(r) = 4*r**2 + 16*r + 33. Give c(-3).
21
Let c(p) = -p**3 + 9*p**2 + 32*p + 26. Determine c(-3).
38
Let w(z) = 4*z**3 + 38*z**2 - 119*z + 16. Determine w(-12).
4
Let b(w) = -31*w - 557. What is b(-30)?
373
Let p(c) = 9*c - 140. What is p(14)?
-14
Let d(n) = -5*n**2 + 230*n - 20. Give d(46).
-20
Let i(s) = 17*s + 190. Determine i(-12).
-14
Let i(k) = -13412*k + 107310. Determine i(8).
14
Let v(u) = u**3 + 19*u**2 + 78*u - 107. What is v(-11)?
3
Let b(i) = 2*i**3 - 22*i**2 + 23*i - 29. What is b(10)?
1
Let c(a) = -a**3 - 7*a**2 + 23*a + 141. Calculate c(-5).
-24
Let t(c) = c - 370. Give t(-34).
-404
Let x(z) = z**3 - 20*z**2 + 40*z - 284. Give x(19).
115
Let q(n) = 6*n**2 + 115*n + 10. Give q(-19).
-9
Let p(c) = -14*c**2 + c + 7. What is p(-4)?
-221
Let t(p) = p**3 + 42*p**2 + 418*p + 333. Calculate t(-27).
-18
Let x(z) = 42*z**2 - 313*z + 139. Give x(7).
6
Let f(a) = -733*a - 19774. What is f(-27)?
17
Let d(m) = -3*m**3 - 3*m**2 + 12*m - 21. Give d(-3).
-3
Let m(w) = 300*w - 2382. Determine m(8).
18
Let u(f) = 2*f**3 + 16*f**2 - 8*f + 24. What is u(-9)?
-66
Let o(m) = 2*m**3 + 187*m**2 + 95*m + 184. Give o(-93).
-2
Let a(z) = -z**3 - 3*z**2 - 6*z + 17. Give a(-5).
97
Let x(s) = 5*s**3 - 1985*s**2 - 1990*s + 11. Give x(398).
11
Let h(w) = w**3 + 32*w**2 - 283*w - 275. Calculate h(-39).
115
Let l(p) = 77*p - 139. Calculate l(4).
169
Let o(l) = -39*l + 224. Give o(5).
29
Let o(j) = -5*j**2 + 74*j + 3244. Calculate o(34).
-20
Let t(d) = d**2 - 115*d + 1589. Determine t(99).
5
Let u(a) = -3376*a - 16926. What is u(-5)?
-46
Let d(i) = -20*i + 79. Determine d(13).
-181
Let s(m) = 153*m**2 + 4. Determine s(1).
157
Let o(m) = -3*m**3 - 12*m**2 - 199*m - 798. Determine o(-4).
-2
Let y(s) = -s**3 + 42*s**2 + 9*s - 236. Determine y(42).
142
Let u(w) = w**3 - 21*w**2 - 26*w + 58. What is u(22)?
-30
Let d(t) = -t**3 - 4*t**2 - 7*t + 4. Calculate d(-4).
32
Let a(f) = f**3 - 8*f**2 + 2*f + 55. Determine a(6).
-5
Let j(f) = -334*f + 38. What is j(1)?
-296
Let o(t) = -112*t - 450. Give o(-4).
-2
Let f(p) = -p**3 - 151*p**2 + 1439*p - 192. What is f(-160)?
-32
Let t(b) = 18*b + 564. What is t(-31)?
6
Let p(g) = -g**3 + 19*g**2 + 132*g + 178. Give p(25).
-272
Let y(x) = 10*x**3 + 76*x**2 - 129*x - 19. Give y(-9).
8
Let l(h) = 149*h - 740. Give l(5).
5
Let m(a) = 33*a**3 + 6*a**2 + 10*a - 12. Determine m(-3).
-879
Let v(r) = -243*r - 2391. Give v(-11).
282
Let m(k) = -k**3 - 7*k**2 + 71*k + 488. What is m(-8)?
-16
Let d(h) = h**3 - 103*h**2 + 199*h + 298. Give d(101).
-5
Let a(q) = 24*q**2 + 25*q - 477. What is a(4)?
7
Let j(m) = -5621*m + 16896. Calculate j(3).
33
Let q(z) = -2*z**2 + 113*z - 365. Give q(4).
55
Let x(q) = -q**3 - 76*q**2 + 153*q - 236. Calculate x(-78).
-2
Let t(q) = 49*q - 1557. Determine t(32).
11
Let h(n) = -154*n + 9870. Give h(64).
14
Let h(z) = -1558*z + 12441. Calculate h(8).
-23
Let d(j) = j**3 + 33*j**2 + 25*j - 217. What is d(-32)?
7
Let z(q) = 22*q**3 - q**2 + 1. What is z(-2)?
-179
Let w(r) = -82*r + 822. Give w(11).
-80
Let i(l) = l**3 + 52*l**2 - 61*l + 2543. What is i(-54)?
5
Let t(v) = -13*v - 187. Determine t(-24).
125
Let v(u) = 2*u**3 - 30*u**2 + 131*u - 1023. Determine v(13).
4
Let q(n) = 35*n + 3296. Determine q(-87).
251
Let o(m) = -29*m**3 + 10*m**2 + 6*m - 6. Calculate o(2).
-186
Let y(g) = 4*g**2 - 96*g - 200. What is y(26)?
8
Let y(o) = 22*o**2 - 89*o + 9. Give y(4).
5
Let t(l) = 26*l**2 + 5*l - 9. Determine t(0).
-9
Let a(v) = 108*v + 2801. What is a(-26)?
-7
Let m(u) = 8*u**2 - 401*u + 449. What is m(49)?
8
Let t(z) = z**2 - 3*z - 456. What is t(-19)?
-38
Let o(a) = 287*a + 1161. Give o(-4).
13
Let a(l) = -3*l**3 - 28*l**2 + 7*l + 156. Calculate a(-9).
12
Let l(a) = -a**2 - 47*a + 308. Calculate l(-52).
48
Let i(w) = -89*w - 2948. What is i(-33)?
-11
Let p(g) = g**2 + 150*g + 877. Calculate p(-6).
13
Let g(u) = 2565*u + 7739. Determine g(-3).
44
Let i(a) = -146*a**2 + 895*a - 6. Give i(7).
-895
Let h(l) = l**3 - 7*l**2 + 16*l - 18. Calculate h(5).
12
Let k(o) = o**2 - 20*o + 24. Calculate k(5).
-51
Let h(u) = -u**2 - 137*u + 3887. Determine h(24).
23
Let b(r) = -32*r - 2161. What is b(-87)?
623
Let v(p) = p**3 - 10*p**2 + 11*p - 35. What is v(9)?
-17
Let d(q) = -21*q - 1260. Determine d(-55).
-105
Let o(q) = q**3 + 40*q**2 + 9*q + 353. Give o(-40).
-7
Let y(j) = -27*j - 49. What is y(-2)?
5
Let b(n) = -372*n + 2956. What is b(8)?
-20
Let o(x) = 134*x**2 + 935*x - 13. Calculate o(-7).
8
Let r(n) = 2*n**3 + 6*n**2 + 33*n + 32. Determine r(-1).
3
Let n(o) = -o**3 + 20*o**2 - 28*o - 46. What is n(18)?
98
Let z(d) = -d**2 + 33*d - 215. Give z(24).
1
Let i(v) = -617*v - 6174. Determine i(-10).
-4
Let r(o) = -223*o - 2871. What is r(-12)?
-195
Let m(p) = 42*p**2 + 2814*p - 16. What is m(-67)?
-16
Let p(a) = -1250*a - 88754. What is p(-71)?
-4
Let b(u) = u**3 - 14*u**2 + 5*u + 19. Determine b(12).
-209
Let j(l) = -14*l**2 - 71*l + 2. What is j(0)?
2
Let t(f) = -f**3 - 46*f**2 - 479*f - 9. Calculate t(-30).
-39
Let x(p) = p**2 - 15*p - 79. Determine x(-4).
-3
Let v(q) = -7*q**3 - q**2 + 13*q + 31. Determine v(-2).
57
Let n(g) = -g**2 + 11*g - 58. Calculate n(5).
-28
Let z(n) = -126*n + 4276. Calculate z(33).
118
Let y(c) = -2*c**3 - 104*c**2 + 10*c + 482. Determine y(-52).
-38
Let o(l) = -2*l + 80. Determine o(5).
70
Let c(p) = -69*p - 1445. Determine c(-21).
4
Let v(b) = -1467*b - 281668. Calculate v(-192).
-4
Let o(x) = -4220*x + 4216. Give o(1).
-4
Let b(c) = 21*c + 546. Determine b(-26).
0
Let s(n) = -152*n + 453. Determine s(4).
